8 and 8.
8
Calculate the greatest common divisor of 85065 and 597045.
795
What is the highest common factor of 7122660 and 136?
68
What is the greatest common divisor of 480 and 12912324?
12
Calculate the highest common divisor of 580948 and 281134.
934
What is the greatest common divisor of 16 and 430946?
2
Calculate the greatest common factor of 70 and 22639.
1
Calculate the highest common divisor of 471350 and 6625.
25
What is the greatest common divisor of 356 and 205270312?
356
What is the highest common factor of 2930 and 175220?
10
What is the highest common factor of 1826694 and 4?
2
What is the highest common divisor of 528 and 166613392?
176
What is the highest common factor of 1281 and 110884641?
1281
Calculate the greatest common factor of 1370 and 12775.
5
Calculate the greatest common factor of 147535588 and 68.
68
What is the greatest common divisor of 365328669 and 3?
3
Calculate the highest common factor of 60 and 2018620.
20
Calculate the highest common factor of 563470 and 793904.
1682
What is the greatest common divisor of 198 and 63871434?
198
What is the greatest common factor of 4477 and 6415319?
37
What is the highest common divisor of 63122312 and 605?
121
What is the highest common divisor of 1076190 and 218805?
435
Calculate the greatest common divisor of 249 and 1456030239.
249
Calculate the highest common divisor of 11308 and 44704.
44
What is the greatest common divisor of 276 and 2109660?
12
What is the greatest common factor of 1788 and 180?
12
What is the highest common divisor of 548 and 44959153?
137
Calculate the greatest common factor of 59471724 and 1060.
212
What is the highest common factor of 5636 and 2316?
4
Calculate the highest common factor of 3230244 and 6254.
106
Calculate the greatest common factor of 89040237 and 5104.
319
Calculate the highest common divisor of 2748680 and 35640.
440
What is the highest common factor of 6 and 27078480?
6
Calculate the highest common divisor of 38926706 and 31122.
3458
What is the highest common divisor of 3525475 and 7750?
775
Calculate the highest common divisor of 71128678 and 1498.
214
What is the greatest common divisor of 114216 and 19528?
8
Calculate the highest common divisor of 2974166 and 474500.
1898
Calculate the highest common factor of 1776 and 44624960.
592
What is the highest common factor of 10699 and 781196?
13
Calculate the highest common divisor of 35831746 and 253.
23
Calculate the highest common factor of 8175 and 6575970.
1635
Calculate the highest common divisor of 8690 and 21443444.
1738
Calculate the highest common divisor of 470353 and 15293.
373
What is the greatest common factor of 8621 and 4517171?
233
Calculate the highest common factor of 614 and 389925919.
307
What is the highest common factor of 53 and 187827018?
53
Calculate the greatest common factor of 17368806 and 507.
507
Calculate the greatest common divisor of 2696 and 29420774.
674
Calculate the highest common factor of 10786585 and 95.
95
What is the greatest common factor of 15558158 and 308?
154
Calculate the highest common factor of 30351783 and 16048.
1003
Calculate the greatest common divisor of 81767410 and 185.
185
Calculate the highest common factor of 8657724 and 2.
2
What is the highest common divisor of 15171628 and 14467?
851
Calculate the greatest common factor of 1604996 and 30700.
1228
What is the greatest common divisor of 24138092 and 66?
22
Calculate the highest common divisor of 57147728 and 1952.
976
Calculate the highest common divisor of 1147383 and 9.
9
What is the highest common divisor of 421966195 and 5?
5
What is the greatest common divisor of 15384805 and 45?
5
Calculate the greatest common divisor of 81347904 and 8.
8
What is the greatest common factor of 82368 and 5114538?
2574
What is the greatest common divisor of 28 and 1037512532?
28
What is the highest common factor of 252 and 20994939?
63
Calculate the greatest common divisor of 110417070 and 50.
10
What is the highest common factor of 4077290 and 25?
5
Calculate the greatest common factor of 282773369 and 183.
61
Calculate the highest common divisor of 782510 and 430.
10
Calculate the greatest common factor of 13858397 and 115.
23
What is the highest common factor of 77162 and 26486?
82
What is the highest common divisor of 9408 and 473151840?
4704
What is the greatest common factor of 244 and 95308169?
61
Calculate the greatest common divisor of 39433568 and 144.
16
Calculate the greatest common divisor of 936517 and 26645.
73
What is the highest common factor of 749642849 and 118?
59
What is the highest common factor of 1493636 and 88282?
2386
Calculate the greatest common factor of 741444 and 7104.
12
Calculate the highest common divisor of 32278788 and 36.
36
What is the greatest common divisor of 19910283 and 17586?
2931
What is the greatest common divisor of 281995 and 1863469?
1151
What is the highest common divisor of 3412740 and 28980?
1380
What is the greatest common divisor of 255 and 187192270?
85
Calculate the highest common factor of 2965 and 678134045.
2965
Calculate the highest common factor of 855548 and 104.
4
What is the highest common factor of 26878080 and 120?
120
Calculate the highest common factor of 106678678 and 29888.
934
What is the highest common divisor of 918775730 and 1180?
590
What is the highest common divisor of 44849 and 1145214?
1043
What is the greatest common divisor of 40876462 and 6413?
6413
What is the greatest common factor of 587756 and 534?
178
What is the highest common factor of 56150609 and 2095?
419
Calculate the highest common divisor of 12831 and 12737907.
273
What is the highest common divisor of 44 and 41336603?
11
Calculate the greatest common factor of 1948035960 and 40.
40
What is the greatest common factor of 543125 and 9900?
275
Calculate the greatest common divisor of 49 and 69710291.
49
Calculate the highest common factor of 25 and 191847575.
25
Calculate the greatest common factor of 237 and 473493.
3
What is the highest common factor of 106422853 and 173?
173
What is the highest common factor of 3 and 31378605?
3
Calculate the highest common divisor of 1235 and 57182970.
1235
Calculate the highest common factor of 12 and 16988852.
4
Calculate the highest common divisor of 1992384600 and 48.
24
What is the highest common factor of 688 and 2526938?
86
What is the greatest common factor of 174000 and 254100900?
8700
What is the highest common factor of 3150 and 10898580?
210
What is the highest common factor of 5700 and 21777762?
114
What is the highest common factor of 30048 and 2797824?
96
Calculate the greatest common factor of 368 and 960092.
4
What is the greatest common factor of 10507910 and 350?
70
What is the greatest common factor of 34187695 and 90960?
1895
Calculate the greatest common divisor of 1376 and 110892872.
344
What is the highest common factor of 5550799 and 162902?
1733
Calculate the greatest common factor of 1026071472 and 257.
257
Calculate the greatest common factor of 1035 and 209570670.
45
What is the greatest common factor of 193885 and 458150?
85
Calculate the highest common divisor of 180 and 17606214.
18
Calculate the highest common factor of 3527947 and 471.
157
What is the greatest common factor of 65455 and 114625485?
3445
Calculate the greatest common divisor of 2178240 and 4800.
960
What is the highest common factor of 9334354 and 6980?
698
What is the highest common factor of 738090 and 2760?
30
Calculate the highest common factor of 24 and 99584616.
24
What is the highest common divisor of 276360788 and 528?
44
What is the highest common divisor of 1545416 and 379544?
1816
Calculate the highest common factor of 22425 and 255622.
23
What is the greatest common factor of 174643 and 1927478?
427
Calculate the greatest common factor of 13174 and 13132596.
1882
What is the highest common divisor of 384 and 14484672?
192
What is the greatest common divisor of 5216 and 22552?
8
Calculate the highest common factor of 37005241 and 6321.
2107
What is the highest common factor of 2485 and 8661219?
497
What is the greatest common factor of 5647840 and 33?
11
Calculate the greatest common factor of 286 and 70616533.
13
Calculate the greatest common divisor of 93750 and 1380.
30
What is the great